{"id":2241,"date":"2025-05-13T08:27:54","date_gmt":"2025-05-13T08:27:54","guid":{"rendered":"https:\/\/gebzeribon.com\/?page_id=2241"},"modified":"2025-07-01T09:15:41","modified_gmt":"2025-07-01T09:15:41","slug":"lamine-termal-etiket","status":"publish","type":"page","link":"https:\/\/gebzeribon.com\/?page_id=2241","title":{"rendered":"Lamine Termal Etiket"},"content":{"rendered":"<h2 class=\"wp-block-heading\"><strong>Lamine Termal Etiket Nedir? Nerelerde Kullan\u0131l\u0131r?<\/strong><\/h2><p>Etiketleme s\u00fcre\u00e7lerinde <strong>daha dayan\u0131kl\u0131 ve uzun \u00f6m\u00fcrl\u00fc<\/strong> \u00e7\u00f6z\u00fcmler arayan i\u015fletmeler i\u00e7in <strong>Lamine Termal Etiket<\/strong> ideal bir tercihtir. \u00d6zellikle d\u0131\u015f etkilere kar\u015f\u0131 koruma gerektiren ortamlarda <strong>eco termal etiketlere g\u00f6re \u00e7ok daha dayan\u0131kl\u0131d\u0131r<\/strong>. Bu yaz\u0131m\u0131zda, <strong>lamine termal etiket nedir<\/strong>, avantajlar\u0131 nelerdir ve <strong>Gebze Ribon<\/strong> olarak bu alanda size neler sunuyoruz, detayl\u0131ca anlat\u0131yoruz.<\/p><hr class=\"wp-block-separator has-alpha-channel-opacity\"\/><h3 class=\"wp-block-heading\"><strong>Lamine Termal Etiket Nedir?<\/strong><\/h3><p>Lamine termal etiket, <strong>\u0131s\u0131ya duyarl\u0131 \u00f6zel bir y\u00fczeye<\/strong> ve bu y\u00fczeyi koruyan <strong>ince, \u015feffaf bir laminasyon (kaplama) katman\u0131na<\/strong> sahip termal etiket t\u00fcr\u00fcd\u00fcr. Bu \u00f6zel kaplama sayesinde etiket, d\u0131\u015f etkilere kar\u015f\u0131 <strong>eco termal etiketlere k\u0131yasla \u00e7ok daha dayan\u0131kl\u0131d\u0131r.<\/strong><\/p><p>Yaz\u0131c\u0131dan \u00e7\u0131kan \u0131s\u0131, y\u00fczeyde kararma yaratarak bask\u0131y\u0131 olu\u015fturur ve bu i\u015flem i\u00e7in yine <strong>ribon gerekmez<\/strong> (direct thermal bask\u0131). Ancak lamine kaplamas\u0131 sayesinde bask\u0131 daha uzun s\u00fcre silinmeden kalabilir.<\/p><hr class=\"wp-block-separator has-alpha-channel-opacity\"\/><h3 class=\"wp-block-heading\"><strong>\u00d6zellikleri<\/strong><\/h3><ul class=\"wp-block-list\"><li><strong>\u00dcst y\u00fczeyi koruyucu kaplamal\u0131d\u0131r<\/strong> (lamine)<\/li>\n\n<li><strong>Nem, \u0131s\u0131, s\u00fcrt\u00fcnme ve \u0131\u015f\u0131\u011fa kar\u015f\u0131 dayan\u0131kl\u0131d\u0131r<\/strong><\/li>\n\n<li><strong>Net ve uzun \u00f6m\u00fcrl\u00fc bask\u0131 sa\u011flar<\/strong><\/li>\n\n<li><strong>Direkt termal yaz\u0131c\u0131larla ribonsuz bask\u0131 yap\u0131l\u0131r<\/strong><\/li>\n\n<li><strong>Orta ve uzun vadeli etiketleme i\u00e7in uygundur<\/strong><\/li><\/ul><hr class=\"wp-block-separator has-alpha-channel-opacity\"\/><h3 class=\"wp-block-heading\"><strong>Lamine Termal Etiket Nerelerde Kullan\u0131l\u0131r?<\/strong><\/h3><p>Lamine termal etiketler, \u00f6zellikle d\u0131\u015f ortam ko\u015fullar\u0131n\u0131n etkili oldu\u011fu ve etiketin uzun s\u00fcre okunur kalmas\u0131n\u0131n \u00f6nemli oldu\u011fu alanlarda tercih edilir:<\/p><ul class=\"wp-block-list\"><li><strong>G\u0131da sekt\u00f6r\u00fcnde so\u011fuk zincir \u00fcr\u00fcnleri<\/strong><\/li>\n\n<li><strong>Kargo ve lojistik etiketleri<\/strong><\/li>\n\n<li><strong>Depo ve stok takibi<\/strong><\/li>\n\n<li><strong>Taze et, s\u00fct \u00fcr\u00fcnleri ve \u015fark\u00fcteri \u00fcr\u00fcnleri<\/strong><\/li>\n\n<li><strong>Medikal ve laboratuvar kullan\u0131m\u0131<\/strong><\/li>\n\n<li><strong>Perakende sat\u0131\u015f etiketleri<\/strong><\/li><\/ul><p>\u00d6zellikle <strong>so\u011fuk ortamda \u00e7al\u0131\u015fan i\u015fletmeler<\/strong> i\u00e7in lamine termal etiketler ideal \u00e7\u00f6z\u00fcmd\u00fcr \u00e7\u00fcnk\u00fc nemden etkilenmeden okunabilirli\u011fini korur.<\/p><hr class=\"wp-block-separator has-alpha-channel-opacity\"\/><h3 class=\"wp-block-heading\"><strong>Gebze Ribon ile Lamine Termal Etiket \u00c7\u00f6z\u00fcmleri<\/strong><\/h3><p>Gebze Ribon olarak, farkl\u0131 ebat ve yap\u0131\u015fkan \u00f6zelliklerine sahip <strong>lamine termal etiket<\/strong> \u00fcretimi ger\u00e7ekle\u015ftiriyoruz. Kaliteli y\u00fczey kaplamas\u0131, y\u00fcksek yap\u0131\u015fma g\u00fcc\u00fc ve barkod yaz\u0131c\u0131larla tam uyumlu yap\u0131s\u0131 sayesinde, m\u00fc\u015fterilerimizin t\u00fcm termal etiketleme ihtiya\u00e7lar\u0131na profesyonel \u00e7\u00f6z\u00fcmler sunuyoruz.<\/p><p>\u00dcstelik isterseniz <strong>etiketler \u00fczerine bask\u0131 yap\u0131lm\u0131\u015f \u015fekilde<\/strong> de teslim edebiliriz.<\/p><hr class=\"wp-block-separator has-alpha-channel-opacity\"\/><h3 class=\"wp-block-heading\"><strong>Lamine Termal Etiketin Avantajlar\u0131<\/strong><\/h3><ul class=\"wp-block-list\"><li>Bask\u0131 uzun s\u00fcre dayan\u0131r, silinmez<\/li>\n\n<li>Ribon gerektirmez = Ekonomik<\/li>\n\n<li>Nemli ve so\u011fuk ortamlarda dahi y\u00fcksek performans<\/li>\n\n<li>Barkod ve metinler net ve okunakl\u0131 kal\u0131r<\/li>\n\n<li>Hem perakende hem end\u00fcstriyel kullan\u0131ma uygundur<\/li><\/ul>","protected":false},"excerpt":{"rendered":"<p>Lamine Termal Etiket Nedir? Nerelerde Kullan\u0131l\u0131r? Etiketleme s\u00fcre\u00e7lerinde daha dayan\u0131kl\u0131 ve uzun \u00f6m\u00fcrl\u00fc \u00e7\u00f6z\u00fcmler arayan i\u015fletmeler i\u00e7in Lamine Termal Etiket ideal bir tercihtir. \u00d6zellikle d\u0131\u015f etkilere kar\u015f\u0131 koruma gerektiren ortamlarda eco termal etiketlere g\u00f6re \u00e7ok daha dayan\u0131kl\u0131d\u0131r. Bu yaz\u0131m\u0131zda, lamine termal etiket nedir, avantajlar\u0131 nelerdir ve Gebze Ribon olarak bu alanda size neler sunuyoruz, detayl\u0131ca [&hellip;]<\/p>\n","protected":false},"author":1,"featured_media":0,"parent":0,"menu_order":0,"comment_status":"closed","ping_status":"closed","template":"","meta":{"inline_featured_image":false,"_monsterinsights_skip_tracking":false,"_monsterinsights_sitenote_active":false,"_monsterinsights_sitenote_note":"","_monsterinsights_sitenote_category":0,"footnotes":""},"class_list":["post-2241","page","type-page","status-publish","hentry"],"aioseo_notices":[],"_links":{"self":[{"href":"https:\/\/gebzeribon.com\/index.php?rest_route=\/wp\/v2\/pages\/2241","targetHints":{"allow":["GET"]}}],"collection":[{"href":"https:\/\/gebzeribon.com\/index.php?rest_route=\/wp\/v2\/pages"}],"about":[{"href":"https:\/\/gebzeribon.com\/index.php?rest_route=\/wp\/v2\/types\/page"}],"author":[{"embeddable":true,"href":"https:\/\/gebzeribon.com\/index.php?rest_route=\/wp\/v2\/users\/1"}],"replies":[{"embeddable":true,"href":"https:\/\/gebzeribon.com\/index.php?rest_route=%2Fwp%2Fv2%2Fcomments&post=2241"}],"version-history":[{"count":2,"href":"https:\/\/gebzeribon.com\/index.php?rest_route=\/wp\/v2\/pages\/2241\/revisions"}],"predecessor-version":[{"id":2543,"href":"https:\/\/gebzeribon.com\/index.php?rest_route=\/wp\/v2\/pages\/2241\/revisions\/2543"}],"wp:attachment":[{"href":"https:\/\/gebzeribon.com\/index.php?rest_route=%2Fwp%2Fv2%2Fmedia&parent=2241"}],"curies":[{"name":"wp","href":"https:\/\/api.w.org\/{rel}","templated":true}]}}